en thousands digit of 5324397?
2
What is the units digit of 6643176?
6
What is the tens digit of 5498?
9
What is the millions digit of 1422791?
1
What is the thousands digit of 12432340?
2
What is the millions digit of 2539855?
2
What is the tens digit of 2084438?
3
What is the tens digit of 8913324?
2
What is the units digit of 2245696?
6
What is the thousands digit of 5985509?
5
What is the hundred thousands digit of 232338?
2
What is the thousands digit of 5364103?
4
What is the ten thousands digit of 231737?
3
What is the thousands digit of 4264?
4
What is the units digit of 1299703?
3
What is the millions digit of 1759898?
1
What is the ten thousands digit of 725121?
2
What is the units digit of 1392835?
5
What is the units digit of 23587951?
1
What is the thousands digit of 701488?
1
What is the tens digit of 263493?
9
What is the tens digit of 764874?
7
What is the thousands digit of 2729731?
9
What is the tens digit of 376303?
0
What is the units digit of 290899?
9
What is the ten thousands digit of 111190?
1
What is the thousands digit of 22802436?
2
What is the hundred thousands digit of 5307833?
3
What is the units digit of 8646308?
8
What is the millions digit of 4038779?
4
What is the thousands digit of 330699?
0
What is the hundreds digit of 653926?
9
What is the hundreds digit of 424247?
2
What is the thousands digit of 2798220?
8
What is the units digit of 158597?
7
What is the thousands digit of 14177678?
7
What is the hundred thousands digit of 4467033?
4
What is the ten thousands digit of 7786839?
8
What is the ten thousands digit of 23367303?
6
What is the millions digit of 4524736?
4
What is the tens digit of 2361520?
2
What is the hundreds digit of 663924?
9
What is the hundred thousands digit of 1495469?
4
What is the units digit of 5343985?
5
What is the hundred thousands digit of 159601?
1
What is the hundred thousands digit of 131409?
1
What is the hundred thousands digit of 167485?
1
What is the tens digit of 3677583?
8
What is the hundred thousands digit of 8888212?
8
What is the hundreds digit of 6233647?
6
What is the ten thousands digit of 739259?
3
What is the hundreds digit of 1031304?
3
What is the tens digit of 2087263?
6
What is the tens digit of 35478114?
1
What is the tens digit of 1828450?
5
What is the ten thousands digit of 4677457?
7
What is the hundred thousands digit of 329690?
3
What is the units digit of 1769061?
1
What is the thousands digit of 604939?
4
What is the ten thousands digit of 8786140?
8
What is the units digit of 43427489?
9
What is the units digit of 1224680?
0
What is the hundred thousands digit of 733212?
7
What is the millions digit of 2464317?
2
What is the hundred thousands digit of 6079415?
0
What is the ten thousands digit of 10763757?
6
What is the hundreds digit of 27004589?
5
What is the hundred thousands digit of 1089855?
0
What is the tens digit of 1023145?
4
What is the tens digit of 1732692?
9
What is the ten thousands digit of 2573099?
7
What is the ten thousands digit of 10806973?
0
What is the hundreds digit of 6296803?
8
What is the millions digit of 4036318?
4
What is the thousands digit of 3684057?
4
What is the hundreds digit of 104552?
5
What is the ten thousands digit of 8955941?
5
What is the hundred thousands digit of 3154074?
1
What is the hundreds digit of 1275506?
5
What is the tens digit of 221265?
6
What is the thousands digit of 209190?
9
What is the tens digit of 14974137?
3
What is the units digit of 1106070?
0
What is the thousands digit of 42922?
2
What is the units digit of 367342?
2
What is the hundred thousands digit of 695084?
6
What is the millions digit of 1693023?
1
What is the hundreds digit of 179488?
4
What is the hundred thousands digit of 883798?
8
What is the ten millions digit of 14694570?
1
What is the thousands digit of 46433?
6
What is the tens digit of 31429?
2
What is the ten millions digit of 20706375?
2
What is the thousands digit of 2352562?
2
What is the tens digit of 272757?
5
What is the ten thousands digit of 16274059?
7
What is the ten thousands digit of 448585?
4
What is the hundred thousands digit of 2740836?
7
What is the tens digit of 2333252?
5
What is the units digit of 6875380?
0
What is the ten thousands digit of 5230425?
3
What is the ten thousands digit of 792281?
9
What is the tens digit of 264260?
6
What is the hundred thousands digit of 772217?
7
What is the ten thousands digit of 174987?
7
What is the hundred thousands digit of 236783?
2
What is the hundreds digit of 6252482?
4
What is the units digit of 153662?
2
What is the ten thousands digit of 8081814?
8
What is the millions digit of 1170411?
1
What is the thousands digit of 95063?
5
What is the thousands digit of 19760321?
0
What is the hundreds digit of 3848458?
4
What is the hundred thousands digit of 332701?
3
What is the hundreds digit of 10212634?
6
What is the hundreds digit of 61782?
7
What is the hundred thousands digit of 30095701?
0
What is the thousands digit of 4137049?
7
What is the millions digit of 28581418?
8
What is the hundred thousands digit of 695160?
6
What is the hundred thousands digit of 355178?
3
What is the tens digit of 92925?
2
What is the units digit of 2907563?
3
What is the millions digit of 1067530?
1
What is the ten thousands digit of 223095?
2
What is the hundreds digit of 409817?
8
What is the ten thousands digit of 321180?
2
What is the millions digit of 29619119?
9
What is the hundred thousands digit of 1255766?
2
What is the thousands digit of 12212789?
2
What is the hundreds digit of 514317?
3
What is the hundreds digit of 806760?
7
What is the ten millions digit of 16423009?
1
What is the ten thousands digit of 5887171?
8
What is the units digit of 12974?
4
What is the thousands digit of 4100974?
0
What is the tens digit of 1680325?
2
What is the hundred thousands digit of 5512739?
5
What is the thousands digit of 2291931?
1
What is the thousands digit of 616030?
6
What is the tens digit of 7671022?
2
What is the tens digit of 2568949?
4
What is the tens digit of 27746733?
3
What is the millions digit of 1012565?
1
What is the ten thousands digit of 190652?
9
What is the ten thousands digit of 10018314?
1
What is the tens digit of 6698563?
6
What is the tens digit of 32397495?
9
What is the thousands digit of 4507953?
7
What is the hundreds digit of 6263?
2
What is the ten thousands digit of 3975707?
7
What is the thousands digit of 11840260?
0
What is the ten thousands digit of 1158967?
5
What is the thousands digit of 772212?
2
What is the thousands digit of 113939?
3
What is the units digit of 183638?
8
What is the hundreds digit of 146772?
7
What is the tens digit of 809992?
9
What is the millions digit of 1862782?
1
What is the thousands digit of 769467?
9
What is the hundreds digit of 220388?
3
What is the hundreds digit of 2718571?
5
What is the ten thousands digit of 2455150?
5
What is the hundreds digit of 19091186?
1
What is the hundreds digit of 3535756?
7
What is the millions digit of 10230240?
0
What is the hundred thousands digit of 23131220?
1
What is the hundreds digit of 13384582?
5
What is the tens digit of 14066756?
5
What is the hundred thousands digit of 18229763?
2
What is the millions digit of 4755220?
4
What is the hundred thousands digit of 621103?
6
What is the thousands digit of 319434?
9
What is the tens digit of 124264?
6
What is the tens digit of 1745140?
4
What is the tens digit of 216182?
8
What is the thousands digit of 8692331?
2
What is the thousands digit of 5588838?
8
What is the ten thousands digit of 50617?
5
What is the hundred thousands digit of 6309938?
3
What is the thousands digit of 2945740?
5
What is the units digit of 377071?
1
What is the hundreds digit of 38465358?
3
What is the tens digit of 653931?
3
What is the tens digit of 13310262?
6
What is the units digit of 1753845?
5
What is the thousands digit of 2096160?
6
What is the millions digit of 4241363?
4
What is the tens digit of 321284?
8
What is the tens digit of 15166031?
3
What is the tens digit of 290821?
2
What is the hundreds digit of 7486790?
7
What is the hundreds digit of 375114?
1
What is the hundreds digit of 3715421?
4
What is the tens digit of 551630?
3
What is the hundred thousands digit of 1